 is divided by 16275?
140
What is the remainder when 17475 is divided by 14784?
2691
What is the remainder when 99805462 is divided by 4903?
4897
Calculate the remainder when 103056 is divided by 101991.
1065
What is the remainder when 1353461 is divided by 1353436?
25
What is the remainder when 2554502 is divided by 1260?
482
Calculate the remainder when 143335 is divided by 9.
1
Calculate the remainder when 288777 is divided by 88.
49
What is the remainder when 5994438 is divided by 315496?
14
What is the remainder when 4531858 is divided by 7?
2
What is the remainder when 24764638 is divided by 66?
52
Calculate the remainder when 15107802 is divided by 7553900.
2
What is the remainder when 90457 is divided by 65?
42
Calculate the remainder when 29141969 is divided by 76.
73
Calculate the remainder when 63810 is divided by 177.
90
Calculate the remainder when 38409 is divided by 4268.
4265
What is the remainder when 887476 is divided by 138?
136
What is the remainder when 118766 is divided by 10276?
5730
Calculate the remainder when 27317 is divided by 11762.
3793
What is the remainder when 139171 is divided by 139116?
55
What is the remainder when 2999302 is divided by 358?
336
Calculate the remainder when 23848 is divided by 3855.
718
What is the remainder when 17501 is divided by 11986?
5515
Calculate the remainder when 1292844 is divided by 127.
111
Calculate the remainder when 13520814 is divided by 53654.
6
Calculate the remainder when 80858 is divided by 2346.
1094
Calculate the remainder when 91678 is divided by 2695.
48
What is the remainder when 4680418 is divided by 38364?
10
What is the remainder when 182437 is divided by 224?
101
What is the remainder when 213789 is divided by 51?
48
What is the remainder when 1037811 is divided by 149?
26
Calculate the remainder when 2696645 is divided by 35.
0
Calculate the remainder when 1070682 is divided by 106984.
842
What is the remainder when 2517218 is divided by 801?
476
Calculate the remainder when 37848 is divided by 901.
6
What is the remainder when 5563781 is divided by 792?
773
Calculate the remainder when 1667192374 is divided by 6353.
6349
What is the remainder when 707638 is divided by 707197?
441
What is the remainder when 149506 is divided by 14880?
706
Calculate the remainder when 1018001 is divided by 1017986.
15
Calculate the remainder when 60406200 is divided by 33917.
23
What is the remainder when 478941 is divided by 1091?
1083
What is the remainder when 386397 is divided by 16?
13
What is the remainder when 9090 is divided by 8898?
192
Calculate the remainder when 27005188 is divided by 679.
0
What is the remainder when 19031787 is divided by 4?
3
Calculate the remainder when 875178 is divided by 469.
24
Calculate the remainder when 8518361 is divided by 3334.
3325
Calculate the remainder when 1459412 is divided by 486427.
131
Calculate the remainder when 152934 is divided by 47.
43
Calculate the remainder when 34706 is divided by 96.
50
What is the remainder when 276046 is divided by 2076?
2014
What is the remainder when 4832223 is divided by 259?
60
What is the remainder when 2324139 is divided by 11?
4
Calculate the remainder when 38590001 is divided by 50643.
35
What is the remainder when 8313 is divided by 7923?
390
Calculate the remainder when 794113 is divided by 917.
908
Calculate the remainder when 494232 is divided by 114.
42
What is the remainder when 1750300 is divided by 734?
444
What is the remainder when 301214 is divided by 60235?
39
Calculate the remainder when 2779321 is divided by 1389624.
73
Calculate the remainder when 6128830 is divided by 1398.
1396
What is the remainder when 620055 is divided by 384?
279
Calculate the remainder when 29989 is divided by 9965.
94
Calculate the remainder when 244720 is divided by 3663.
2962
What is the remainder when 69349 is divided by 34668?
13
What is the remainder when 550462188 is divided by 14?
10
What is the remainder when 5382935 is divided by 36?
35
What is the remainder when 15632152 is divided by 5210700?
52
What is the remainder when 151367697 is divided by 50455896?
9
What is the remainder when 8856 is divided by 285?
21
Calculate the remainder when 1529707 is divided by 55.
47
Calculate the remainder when 64486340 is divided by 29.
26
Calculate the remainder when 10579545 is divided by 3526494.
63
What is the remainder when 793171 is divided by 38?
35
Calculate the remainder when 2884408 is divided by 407.
406
What is the remainder when 1366577 is divided by 17?
15
What is the remainder when 176838 is divided by 3837?
336
Calculate the remainder when 173047 is divided by 1500.
547
Calculate the remainder when 32295538 is divided by 907.
896
What is the remainder when 3555450 is divided by 62?
60
Calculate the remainder when 5181451 is divided by 2590689.
73
Calculate the remainder when 9282 is divided by 1954.
1466
What is the remainder when 94806 is divided by 47304?
198
What is the remainder when 8959710 is divided by 2986569?
3
What is the remainder when 3570955294 is divided by 91?
88
What is the remainder when 93420018 is divided by 235?
233
What is the remainder when 256619 is divided by 825?
44
What is the remainder when 11161576 is divided by 11161416?
160
What is the remainder when 242800 is divided by 2638?
104
What is the remainder when 314371 is divided by 2276?
283
Calculate the remainder when 7830258 is divided by 120.
18
What is the remainder when 20742 is divided by 20735?
7
Calculate the remainder when 61091693 is divided by 12218317.
108
What is the remainder when 1814046 is divided by 142?
138
Calculate the remainder when 10289451 is divided by 22.
7
What is the remainder when 1732201 is divided by 3662?
75
What is the remainder when 44772 is divided by 22381?
10
Calculate the remainder when 1396539 is divided by 82129.
346
What is the remainder when 79220868 is divided by 44?
12
What is the remainder when 506125 is divided by 33719?
340
What is the remainder when 55368189 is divided by 21?
9
What is the remainder when 4103273 is divided by 2365?
2363
Calculate the remainder when 3041368 is divided by 5571.
5173
What is the remainder when 34616617 is divided by 9?
7
What is the remainder when 630853 is divided by 109?
70
What is the remainder when 36942892 is divided by 2542?
6
Calculate the remainder when 17170894 is divided by 24.
22
What is the remainder when 35862 is divided by 16894?
2074
What is the remainder when 27512269 is divided by 41?
39
Calculate the remainder when 245727 is divided by 2793.
2736
What is the remainder when 1101882 is divided by 542?
538
What is the remainder when 18606504 is divided by 4651624?
8
Calculate the remainder when 114817 is divided by 517.
43
What is the remainder when 23034 is divided by 6388?
3870
Calculate the remainder when 20948031 is divided by 103.
97
What is the remainder when 56722 is divided by 8771?
4096
Calculate the remainder when 752109 is divided by 360.
69
What is the remainder when 759018 is divided by 128?
106
Calculate the remainder when 3742757 is divided by 623791.
11
Calculate the remainder when 244845 is divided by 5992.
5165
Calculate the remainder when 1262353 is divided by 1129.
131
Calculate the remainder when 488420 is divided by 22.
20
What is the remainder when 17442 is divided by 1794?
1296
What is the remainder when 224482 is divided by 3264?
2530
Calculate the remainder when 548703 is divided by 108.
63
What is the remainder when 7727281 is divided by 17?
16
What is the remainder when 51476 is divided by 12866?
12
What is the remainder when 522801296 is divided by 70?
66
What is the remainder when 690606 is divided by 4666?
38
Calculate the remainder when 75347 is divided by 383.
279
Calculate the remainder when 8126657 is divided by 7913.
6
Calculate the remainder when 544453 is divided by 1368.
1357
Calculate the remainder when 719400 is divided by 706.
692
What is the remainder when 35852 is divided by 410?
182
Calculate the remainder when 969926 is divided by 242480.
6
Calculate the remainder when 238571 is divided by 675.
296
Calculate the remainder when 1000145 is divided by 1578.
1271
What is the remainder when 430761 is divided by 3312?
201
Calculate the remainder when 81552059 is divided by 41418